of b(a)?
4
Let d(a) = -2*a + 1. Let l be d(-1). Let s(v) = 3*v**2 - 1. Let j be s(l). Suppose 5*m - 9 = j. What is the units digit of m?
7
Let q(o) = -2*o + 2*o + o. What is the units digit of q(3)?
3
Suppose 2*w + 2*g = 80, -2*w - 2*g = -5*g - 100. What is the units digit of w?
4
Suppose 2*o = -79 + 393. What is the hundreds digit of o?
1
Suppose 6*p - 3*p - 48 = 0. Suppose -l + 2*y = -7, -y = 4*l - p - 3. What is the units digit of l?
5
Suppose -5*b - 3*w + 566 = 0, 0*b - 3*w + 336 = 3*b. What is the tens digit of b?
1
Let w(c) = 2*c**2 + 3*c. Let n be w(-2). Let x = 4 - n. Suppose x*q + r = 19, -q - 4*r = -41 + 14. What is the units digit of q?
7
Let b(d) = -d - d**2 - 8*d + 3*d - 4. Let i(t) = 4*t**2 + 19*t + 12. Let z(x) = 7*b(x) + 2*i(x). What is the units digit of z(5)?
1
Let g be (5 - 11)*(-1 + 2). Let c(b) = 4*b + 2 + 5*b**2 + 6*b**3 - 5*b**3 - 5*b - 5*b. What is the units digit of c(g)?
2
Let y = 70 - 36. What is the units digit of y?
4
What is the tens digit of 110 + 1*(-2 + 6)?
1
Suppose -3*n = -7*n. Suppose -206 = -5*j - 4*s, -s + 118 = 3*j - n*s. What is the units digit of j?
8
Let k(m) = -m**3 - 12*m**2 - 13*m - 8. Let w(h) = -3*h + 1. Let s be w(4). What is the units digit of k(s)?
4
Let j(w) = 17*w - 1. What is the tens digit of j(2)?
3
Let d be 1*(0 - (2 + -7)). Let m = 17 + d. What is the units digit of m?
2
Let q = 240 - 153. What is the units digit of q?
7
Let w be (-24)/(-9) + 10/(-15). Let c = 6 - w. What is the units digit of c?
4
Let b(p) = p**3 + 11*p**2 - 3*p + 3. What is the tens digit of b(-11)?
3
Let n be 1/(-2) + 42/(-4). What is the tens digit of (6/(-2))/(3/n)?
1
Let a(u) = -2*u - 6 + 7 - 10. Suppose -2*g = -3*m + 10 - 36, -2*m - 24 = -3*g. What is the units digit of a(m)?
3
Let a(k) = k**3 - 9*k**2 + 1. Let w be a(9). Suppose y = -0 + w. What is the units digit of y?
1
Let w(o) = -5*o - 3. Let t be w(-6). Suppose -3*c + y = 2*c + 10, -t = 2*c - 5*y. Let u = c + 2. What is the units digit of u?
1
Let d(x) = x**2 + x + 10. Suppose 2*f = -2*f. Let s be d(f). What is the units digit of s + 2*(-1 - -2)?
2
Let r(j) = j**2 + 3*j - 3. What is the units digit of r(6)?
1
Suppose 0*c + 45 = 3*c. Suppose 0 = -0*y + 3*y - c. What is the units digit of y?
5
Suppose -g + 9 = -3*k, -g + 4 = -0*g - 4*k. Let o = 1 + -1. Suppose o = -x - 2*x + g. What is the units digit of x?
8
Let a = -3 - -5. Suppose 4*d = a - 6. Let u(g) = -4*g**3 - g**2 - 2*g - 1. What is the units digit of u(d)?
4
Suppose 0 = -3*x - 2 + 17. Let v(h) = h**3 - 6*h**2 + 5*h + 5. Let j be v(x). Let y = -1 + j. What is the units digit of y?
4
Let s(h) = 2*h + 13. Suppose -5*x = -2*a - 15 - 23, -4*a = 16. What is the tens digit of s(x)?
2
Let f = 11 - 21. Let p = f + 15. What is the units digit of p?
5
Let s = -2 - -2. Suppose -54 = -v - 4*h, 3*v - 4*h - 227 + 1 = s. Suppose 2*u - 2*f = -17 + 59, -3*u = 4*f - v. What is the tens digit of u?
2
Let l be (-7)/(-2) - 3/(-6). Suppose v + 66 = 5*p + 3*v, -l*v = -p. Suppose 0 = s + 2*s - p. What is the units digit of s?
4
Let l = 9 + -2. What is the units digit of 3/(-2)*(-9 + l)?
3
Let x(y) = y**2 - 3*y - 8. What is the tens digit of x(6)?
1
Let g = 52 - 37. What is the tens digit of g?
1
Suppose h = -2*h + 24. What is the units digit of h?
8
Suppose -3*h + 8 = -2*j - 0*h, 2*h = 8. Let i be ((-22)/(-4) + -1)*j. Suppose v - 2*r + i = 0, 2*r + 6 = v + 3*r. What is the units digit of v?
1
Let r = -200 + 92. Let h = -63 - r. What is the units digit of h?
5
Let m be (0 - -5) + (2 - 4). What is the tens digit of 4/m*(-90)/(-5)?
2
What is the units digit of 3 + (2238/30 - (-3)/(-5))?
7
Let x = -13 - -9. Let n(s) = -4*s + 5. Let j be n(6). Let h = x - j. What is the units digit of h?
5
Suppose -96 = -w - w. What is the units digit of w?
8
Suppose -z - 2 = 0, -3*z = 3*o - 5*z - 343. Suppose 4*y = -5*t + 31 + o, -4*t - 16 = 0. What is the tens digit of y?
4
Suppose -5*t = f - 12, 0 = -3*t - 2*t - 5*f. Suppose -t*s - 48 = s. Let l = -3 - s. What is the units digit of l?
9
Let i = -46 + 33. Let q = 19 + i. What is the units digit of q?
6
Let t = 1 - -47. What is the units digit of t?
8
Let j(a) = 12*a**2 + 1. Let h(f) = f**3 + 3*f**2 + 2*f - 1. Let o be h(-2). What is the tens digit of j(o)?
1
Suppose 95 = -2*s + l + 2*l, 0 = 3*s - l + 125. What is the units digit of (8/20)/((-1)/s)?
6
Let s(z) = z**2 - 4*z - 5. Let j be s(7). Suppose -l + 21 = 2*q, q + 2 = -4*l + j. What is the units digit of q?
0
Suppose 0 = -5*k - 0*k + 20. Suppose -11 - 9 = -k*t. Let c = t - 1. What is the units digit of c?
4
Let s(o) = o + o**2 + o**2 - 4 - 6*o. What is the units digit of s(4)?
8
Suppose 0 = 3*i + 12, 4*n + 0*i = i + 24. Suppose -j = -n*j + 44. What is the units digit of j?
1
Let f(s) = s**3 - 4 - 13*s - 9 + 9*s**2 - 1. What is the units digit of f(-10)?
6
Suppose j + 0*j + 7 = 2*s, 5*s + 2*j - 40 = 0. Suppose 0 = -3*x + s*x - 2*w - 23, 0 = -5*x + 4*w + 35. What is the units digit of x?
1
Let b(g) = g + 14. Let i be b(-10). Suppose -4*u - 2*w + 38 = 0, 0*w = i*u - 5*w - 73. What is the tens digit of u?
1
What is the tens digit of (6/(-9))/((-6)/(-1269)*-3)?
4
What is the tens digit of 4 + (0 - 3) - (-409 - 8)?
1
Suppose -3*g = n + 5, 4*n + 28 = -0*n - 4*g. Let r = -5 - n. What is the units digit of r?
3
Let u be (-6)/(-4)*40/15. Suppose 2 + 10 = u*r. Suppose 0 = j + 2, -4*c + 0*j + r*j + 54 = 0. What is the units digit of c?
2
Let p be (-8)/(-6)*15/(-2). Let w = p - -35. What is the units digit of w?
5
What is the units digit of ((-3)/(-2))/(6/16)?
4
Suppose -j = 1 - 6, -4*j = 2*c - 36. What is the units digit of c?
8
Let f(u) = 60*u - 1 - 60*u + 35*u**3. What is the tens digit of f(1)?
3
Suppose -l - 4*l - 15 = -3*r, -l - 3 = 4*r. Let x(i) = -i**3 - 4*i**2 - 3*i + 1. What is the units digit of x(l)?
1
Let o = -8 - -15. What is the units digit of (-2 - (-26)/o)*14?
4
Let p = -2 - 0. Let z(s) = -s + 1. Let a be z(-6). Let m = a + p. What is the units digit of m?
5
Suppose 86 = m + 3*s, 3*s + 154 = -3*m + 5*m. What is the tens digit of m?
8
Let m(l) = l**3 + 3*l**2 - 3*l - 3. Let g be 130/(-40) - (-2)/8. What is the units digit of m(g)?
6
Suppose -3*d + 166 = 28. Suppose -2 - d = -2*y. Suppose 4*s + y = 7*s. What is the units digit of s?
8
Suppose -j + 22 + 7 = 0. What is the units digit of j?
9
Let z = 101 + -35. What is the units digit of z?
6
Suppose -l + 4*n = 12, 3*l + 29 = -n + 6. Let k(s) = -s. What is the units digit of k(l)?
8
Suppose -3*t = 2*t - 275. What is the units digit of t?
5
Suppose 0*w - 4*k = -4*w + 4, 0 = -2*w + 3*k - 2. Suppose t - w*t = -112. What is the units digit of t?
8
Let a(y) = y**3 - 5*y**2 - 5*y - 2. Let j be a(6). Suppose -j*u + 6*u - 2 = 0. What is the units digit of u?
1
Let b(w) = w + 5. Let f be b(-6). What is the units digit of f/4 + (-66)/(-8)?
8
Suppose 4*g - 43 = 129. What is the units digit of g?
3
Let z(q) = q. Let k be z(1). Suppose -5*w + 4*r - 18 - 8 = 0, 3*w - 10 = -4*r. Let g = k - w. What is the units digit of g?
3
Let d = -5 + 9. Suppose 3*s - 5*m + 3 = 0, -d*m + 2*m - 14 = -5*s. Suppose 9 + 7 = s*f. What is the units digit of f?
4
Let r = -1 - -8. What is the units digit of r?
7
Let o be 3 - 2 - 6*-7. Suppose -4*g + 5*c + o = 2, -4*g = -3*c - 31. Suppose -4*k + 10 = 2*a, -1 - g = -5*a. What is the units digit of k?
2
Suppose 5 = p, 10*f - 5*f + 2*p = 465. What is the tens digit of f?
9
Let s = -98 + 182. What is the units digit of s?
4
Let g = 166 - 270. Let i = 152 + g. What is the tens digit of i?
4
Suppose -u = 41 - 138. What is the tens digit of u?
9
Let s(i) = 14*i - 36. What is the tens digit of s(15)?
7
Let p(r) = 9*r**2 - 5*r + 3. What is the units digit of p(3)?
9
Let a = -79 - -116. What is the tens digit of a?
3
Let k be 3 + -2 + 2/2. Suppose k*z + a = 69, -4*z - 2*a = -6*a - 132. What is the units digit of z?
4
Let i(d) = -2*d**2 - 3*d - 3. Let f be i(-2). What is the units digit of 4 - 0 - (-3 - f)?
2
Suppose -1248 = -8*o + 2*o. What is the hundreds digit of o?
2
Suppose -4*c - 4*l = -12, -c - 3*l = 2*l - 11. Let y = 6 - c. Suppose 3*v = y*p - 29, 0*p + 3*p + v - 9 = 0. What is the units digit of p?
4
Let w = 36 + 7. What is the units digit of w?
3
Suppose 0 = -w - 3, 5*w = -6*v + 4*v + 3. Suppose 2*z + z + v = 0. What is the units digit of (z - 1)*65/(-20)?
3
Let h = 7 + -2. 